[INFO] fetching crate notan_macro 0.9.5...
[INFO] checking notan_macro-0.9.5 against master#e6e4f7ed1589e03bc2f6c5931c1a72e7947e8682 for beta-170-4
[INFO] extracting crate notan_macro 0.9.5 into /workspace/builds/worker-3-tc2/source
[INFO] validating manifest of crates.io crate notan_macro 0.9.5 on toolchain e6e4f7ed1589e03bc2f6c5931c1a72e7947e8682
[INFO] running `Command { std: CARGO_HOME="/workspace/cargo-home" RUSTUP_HOME="/workspace/rustup-home" "/workspace/cargo-home/bin/cargo" "+e6e4f7ed1589e03bc2f6c5931c1a72e7947e8682" "metadata" "--manifest-path" "Cargo.toml" "--no-deps", kill_on_drop: false }`
[INFO] started tweaking crates.io crate notan_macro 0.9.5
[INFO] finished tweaking crates.io crate notan_macro 0.9.5
[INFO] tweaked toml for crates.io crate notan_macro 0.9.5 written to /workspace/builds/worker-3-tc2/source/Cargo.toml
[INFO] running `Command { std: CARGO_HOME="/workspace/cargo-home" RUSTUP_HOME="/workspace/rustup-home" __CARGO_TEST_CHANNEL_OVERRIDE_DO_NOT_USE_THIS="nightly" "/workspace/cargo-home/bin/cargo" "+e6e4f7ed1589e03bc2f6c5931c1a72e7947e8682" "generate-lockfile" "--manifest-path" "Cargo.toml" "-Zno-index-update", kill_on_drop: false }`
[INFO] running `Command { std: CARGO_HOME="/workspace/cargo-home" RUSTUP_HOME="/workspace/rustup-home" "/workspace/cargo-home/bin/cargo" "+e6e4f7ed1589e03bc2f6c5931c1a72e7947e8682" "fetch" "--manifest-path" "Cargo.toml", kill_on_drop: false }`
[INFO] running `Command { std: "docker" "create" "-v" "/var/lib/crater-agent-workspace/builds/worker-3-tc2/target:/opt/rustwide/target:rw,Z" "-v" "/var/lib/crater-agent-workspace/builds/worker-3-tc2/source:/opt/rustwide/workdir:ro,Z" "-v" "/var/lib/crater-agent-workspace/cargo-home:/opt/rustwide/cargo-home:ro,Z" "-v" "/var/lib/crater-agent-workspace/rustup-home:/opt/rustwide/rustup-home:ro,Z" "-e" "SOURCE_DIR=/opt/rustwide/workdir" "-e" "CARGO_TARGET_DIR=/opt/rustwide/target" "-e" "CARGO_HOME=/opt/rustwide/cargo-home" "-e" "RUSTUP_HOME=/opt/rustwide/rustup-home" "-w" "/opt/rustwide/workdir" "-m" "1610612736" "--user" "0:0" "--network" "none" "ghcr.io/rust-lang/crates-build-env/linux@sha256:19e73879b68f455e41552ea35293514db52ea292d993f571636dbffedb77a1ee" "/opt/rustwide/cargo-home/bin/cargo" "+e6e4f7ed1589e03bc2f6c5931c1a72e7947e8682" "metadata" "--no-deps" "--format-version=1", kill_on_drop: false }`
[INFO] [stdout] fe56ae76440edac84b696e8f207b4952ccbc6f2436f276bebf0b0a815a7caea8
[INFO] running `Command { std: "docker" "start" "-a" "fe56ae76440edac84b696e8f207b4952ccbc6f2436f276bebf0b0a815a7caea8", kill_on_drop: false }`
[INFO] running `Command { std: "docker" "inspect" "fe56ae76440edac84b696e8f207b4952ccbc6f2436f276bebf0b0a815a7caea8", kill_on_drop: false }`
[INFO] running `Command { std: "docker" "rm" "-f" "fe56ae76440edac84b696e8f207b4952ccbc6f2436f276bebf0b0a815a7caea8", kill_on_drop: false }`
[INFO] [stdout] fe56ae76440edac84b696e8f207b4952ccbc6f2436f276bebf0b0a815a7caea8
[INFO] running `Command { std: "docker" "create" "-v" "/var/lib/crater-agent-workspace/builds/worker-3-tc2/target:/opt/rustwide/target:rw,Z" "-v" "/var/lib/crater-agent-workspace/builds/worker-3-tc2/source:/opt/rustwide/workdir:ro,Z" "-v" "/var/lib/crater-agent-workspace/cargo-home:/opt/rustwide/cargo-home:ro,Z" "-v" "/var/lib/crater-agent-workspace/rustup-home:/opt/rustwide/rustup-home:ro,Z" "-e" "SOURCE_DIR=/opt/rustwide/workdir" "-e" "CARGO_TARGET_DIR=/opt/rustwide/target" "-e" "CARGO_INCREMENTAL=0" "-e" "RUST_BACKTRACE=full" "-e" "RUSTFLAGS=--cap-lints=forbid" "-e" "RUSTDOCFLAGS=--cap-lints=forbid" "-e" "CARGO_HOME=/opt/rustwide/cargo-home" "-e" "RUSTUP_HOME=/opt/rustwide/rustup-home" "-w" "/opt/rustwide/workdir" "-m" "1610612736" "--user" "0:0" "--network" "none" "ghcr.io/rust-lang/crates-build-env/linux@sha256:19e73879b68f455e41552ea35293514db52ea292d993f571636dbffedb77a1ee" "/opt/rustwide/cargo-home/bin/cargo" "+e6e4f7ed1589e03bc2f6c5931c1a72e7947e8682" "check" "--frozen" "--all" "--all-targets" "--message-format=json", kill_on_drop: false }`
[INFO] [stdout] 9b667ec814affc0c8b9b615b5f4033aa5dc4997378d247ffa922dd11138f6897
[INFO] running `Command { std: "docker" "start" "-a" "9b667ec814affc0c8b9b615b5f4033aa5dc4997378d247ffa922dd11138f6897", kill_on_drop: false }`
[INFO] [stderr]    Compiling num-traits v0.2.15
[INFO] [stderr]    Compiling num-integer v0.1.45
[INFO] [stderr]    Compiling num-bigint v0.4.3
[INFO] [stderr]    Compiling num-rational v0.4.1
[INFO] [stderr]    Compiling num-iter v0.1.43
[INFO] [stderr]     Checking unicode-ident v1.0.9
[INFO] [stderr]    Compiling syn v1.0.109
[INFO] [stderr]    Compiling cfg_aliases v0.1.1
[INFO] [stderr]    Compiling libc v0.2.144
[INFO] [stderr]    Compiling notan_macro v0.9.5 (/opt/rustwide/workdir)
[INFO] [stderr]     Checking proc-macro2 v1.0.59
[INFO] [stderr]     Checking quote v1.0.28
[INFO] [stderr]    Compiling jobserver v0.1.26
[INFO] [stderr]    Compiling cc v1.0.79
[INFO] [stderr]     Checking num-complex v0.4.3
[INFO] [stderr]    Compiling spirv_cross v0.23.1
[INFO] [stderr]     Checking num v0.4.0
[INFO] [stdout] error[E0425]: cannot find function `spirv_from` in module `shaders`
[INFO] [stdout]    --> src/lib.rs:70:26
[INFO] [stdout]     |
[INFO] [stdout] 70  |     let spirv = shaders::spirv_from(&content, shaders::ShaderType::Vertex, None).unwrap();
[INFO] [stdout]     |                          ^^^^^^^^^^ help: a function with a similar name exists: `spirv_to`
[INFO] [stdout]     |
[INFO] [stdout]    ::: src/shaders.rs:198:1
[INFO] [stdout]     |
[INFO] [stdout] 198 | fn spirv_to(spirv: &[u8], output: Output) -> Result<ShaderBytes, String> {
[INFO] [stdout]     | ------------------------------------------------------------------------ similarly named function `spirv_to` defined here
[INFO] [stdout] 
[INFO] [stdout] 
[INFO] [stdout] error[E0425]: cannot find function `spirv_from` in module `shaders`
[INFO] [stdout]    --> src/lib.rs:70:26
[INFO] [stdout]     |
[INFO] [stdout] 70  |     let spirv = shaders::spirv_from(&content, shaders::ShaderType::Vertex, None).unwrap();
[INFO] [stdout]     |                          ^^^^^^^^^^ help: a function with a similar name exists: `spirv_to`
[INFO] [stdout]     |
[INFO] [stdout]    ::: src/shaders.rs:198:1
[INFO] [stdout]     |
[INFO] [stdout] 198 | fn spirv_to(spirv: &[u8], output: Output) -> Result<ShaderBytes, String> {
[INFO] [stdout]     | ------------------------------------------------------------------------ similarly named function `spirv_to` defined here
[INFO] [stdout] 
[INFO] [stdout] 
[INFO] [stdout] error[E0425]: cannot find function `spirv_from` in module `shaders`
[INFO] [stdout]    --> src/lib.rs:88:26
[INFO] [stdout]     |
[INFO] [stdout] 88  |     let spirv = shaders::spirv_from(&content, shaders::ShaderType::Fragment, None).unwrap();
[INFO] [stdout]     |                          ^^^^^^^^^^ help: a function with a similar name exists: `spirv_to`
[INFO] [stdout]     |
[INFO] [stdout]    ::: src/shaders.rs:198:1
[INFO] [stdout]     |
[INFO] [stdout] 198 | fn spirv_to(spirv: &[u8], output: Output) -> Result<ShaderBytes, String> {
[INFO] [stdout]     | ------------------------------------------------------------------------ similarly named function `spirv_to` defined here
[INFO] [stdout] 
[INFO] [stdout] 
[INFO] [stdout] error[E0425]: cannot find function `spirv_from` in module `shaders`
[INFO] [stdout]    --> src/lib.rs:88:26
[INFO] [stdout]     |
[INFO] [stdout] 88  |     let spirv = shaders::spirv_from(&content, shaders::ShaderType::Fragment, None).unwrap();
[INFO] [stdout]     |                          ^^^^^^^^^^ help: a function with a similar name exists: `spirv_to`
[INFO] [stdout]     |
[INFO] [stdout]    ::: src/shaders.rs:198:1
[INFO] [stdout]     |
[INFO] [stdout] 198 | fn spirv_to(spirv: &[u8], output: Output) -> Result<ShaderBytes, String> {
[INFO] [stdout]     | ------------------------------------------------------------------------ similarly named function `spirv_to` defined here
[INFO] [stdout] 
[INFO] [stdout] 
[INFO] [stdout] error[E0425]: cannot find function `spirv_from` in this scope
[INFO] [stdout]    --> src/shaders.rs:53:5
[INFO] [stdout]     |
[INFO] [stdout] 53  |     spirv_from(&read_file(&full_path)?, typ, Some(full_path))
[INFO] [stdout]     |     ^^^^^^^^^^ help: a function with a similar name exists: `spirv_to`
[INFO] [stdout] ...
[INFO] [stdout] 198 | fn spirv_to(spirv: &[u8], output: Output) -> Result<ShaderBytes, String> {
[INFO] [stdout]     | ------------------------------------------------------------------------ similarly named function `spirv_to` defined here
[INFO] [stdout] 
[INFO] [stdout] 
[INFO] [stdout] error[E0425]: cannot find function `spirv_from` in this scope
[INFO] [stdout]    --> src/shaders.rs:53:5
[INFO] [stdout]     |
[INFO] [stdout] 53  |     spirv_from(&read_file(&full_path)?, typ, Some(full_path))
[INFO] [stdout]     |     ^^^^^^^^^^ help: a function with a similar name exists: `spirv_to`
[INFO] [stdout] ...
[INFO] [stdout] 198 | fn spirv_to(spirv: &[u8], output: Output) -> Result<ShaderBytes, String> {
[INFO] [stdout]     | ------------------------------------------------------------------------ similarly named function `spirv_to` defined here
[INFO] [stdout] 
[INFO] [stdout] 
[INFO] [stdout] warning: unused import: `Read`
[INFO] [stdout]  --> src/shaders.rs:6:23
[INFO] [stdout]   |
[INFO] [stdout] 6 | use std::io::{Cursor, Read};
[INFO] [stdout]   |                       ^^^^
[INFO] [stdout]   |
[INFO] [stdout]   = note: `#[warn(unused_imports)]` on by default
[INFO] [stdout] 
[INFO] [stdout] 
[INFO] [stdout] warning: unused import: `Read`
[INFO] [stdout]  --> src/shaders.rs:6:23
[INFO] [stdout]   |
[INFO] [stdout] 6 | use std::io::{Cursor, Read};
[INFO] [stdout]   |                       ^^^^
[INFO] [stdout]   |
[INFO] [stdout]   = note: `#[warn(unused_imports)]` on by default
[INFO] [stdout] 
[INFO] [stdout] 
[INFO] [stdout] error: aborting due to 3 previous errors; 1 warning emitted
[INFO] [stdout] 
[INFO] [stdout] 
[INFO] [stdout] For more information about this error, try `rustc --explain E0425`.
[INFO] [stdout] 
[INFO] [stdout] error: aborting due to 3 previous errors; 1 warning emitted
[INFO] [stdout] 
[INFO] [stdout] 
[INFO] [stdout] For more information about this error, try `rustc --explain E0425`.
[INFO] [stdout] 
[INFO] [stderr] error: could not compile `notan_macro` (lib) due to 4 previous errors; 1 warning emitted
[INFO] [stderr] warning: build failed, waiting for other jobs to finish...
[INFO] [stderr] error: could not compile `notan_macro` (lib test) due to 4 previous errors; 1 warning emitted
[INFO] running `Command { std: "docker" "inspect" "9b667ec814affc0c8b9b615b5f4033aa5dc4997378d247ffa922dd11138f6897", kill_on_drop: false }`
[INFO] running `Command { std: "docker" "rm" "-f" "9b667ec814affc0c8b9b615b5f4033aa5dc4997378d247ffa922dd11138f6897", kill_on_drop: false }`
[INFO] [stdout] 9b667ec814affc0c8b9b615b5f4033aa5dc4997378d247ffa922dd11138f6897
